{"version":"1.0","provider_name":"Amal, Berlin!","provider_url":"https:\/\/amalberlin.de\/de\/","author_name":"Cornelia Gerlach","author_url":"https:\/\/amalberlin.de\/de\/author\/conny\/","title":"Wer braucht schon die Frankfurter Buchmesse? - Amal, Berlin!","type":"rich","width":600,"height":338,"html":"<blockquote class=\"wp-embedded-content\" data-secret=\"qe5PwPaRft\"><a href=\"https:\/\/amalberlin.de\/de\/2020\/10\/16\/wer-braucht-schon-die-frankfurter-buchmesse\/\">Wer braucht schon die Frankfurter Buchmesse?<\/a><\/blockquote><iframe sandbox=\"allow-scripts\" security=\"restricted\" src=\"https:\/\/amalberlin.de\/de\/2020\/10\/16\/wer-braucht-schon-die-frankfurter-buchmesse\/embed\/#?secret=qe5PwPaRft\" width=\"600\" height=\"338\" title=\"&#8222;Wer braucht schon die Frankfurter Buchmesse?&#8220; &#8211; Amal, Berlin!\" data-secret=\"qe5PwPaRft\" frameborder=\"0\" marginwidth=\"0\" marginheight=\"0\" scrolling=\"no\" class=\"wp-embedded-content\"><\/iframe><script type=\"text\/javascript\">\n\/* <![CDATA[ *\/\n\/*! This file is auto-generated *\/\n!function(d,l){\"use strict\";l.querySelector&&d.addEventListener&&\"undefined\"!=typeof URL&&(d.wp=d.wp||{},d.wp.receiveEmbedMessage||(d.wp.receiveEmbedMessage=function(e){var t=e.data;if((t||t.secret||t.message||t.value)&&!\/[^a-zA-Z0-9]\/.test(t.secret)){for(var s,r,n,a=l.querySelectorAll('iframe[data-secret=\"'+t.secret+'\"]'),o=l.querySelectorAll('blockquote[data-secret=\"'+t.secret+'\"]'),c=new RegExp(\"^https?:$\",\"i\"),i=0;i<o.length;i++)o[i].style.display=\"none\";for(i=0;i<a.length;i++)s=a[i],e.source===s.contentWindow&&(s.removeAttribute(\"style\"),\"height\"===t.message?(1e3<(r=parseInt(t.value,10))?r=1e3:~~r<200&&(r=200),s.height=r):\"link\"===t.message&&(r=new URL(s.getAttribute(\"src\")),n=new URL(t.value),c.test(n.protocol))&&n.host===r.host&&l.activeElement===s&&(d.top.location.href=t.value))}},d.addEventListener(\"message\",d.wp.receiveEmbedMessage,!1),l.addEventListener(\"DOMContentLoaded\",function(){for(var e,t,s=l.querySelectorAll(\"iframe.wp-embedded-content\"),r=0;r<s.length;r++)(t=(e=s[r]).getAttribute(\"data-secret\"))||(t=Math.random().toString(36).substring(2,12),e.src+=\"#?secret=\"+t,e.setAttribute(\"data-secret\",t)),e.contentWindow.postMessage({message:\"ready\",secret:t},\"*\")},!1)))}(window,document);\n\/* ]]> *\/\n<\/script>\n","thumbnail_url":"https:\/\/amalberlin.de\/wp-content\/uploads\/sites\/3\/2020\/10\/WhatsApp-Image-2020-10-08-at-22.17.22-1.jpeg","thumbnail_width":945,"thumbnail_height":1260,"description":"Klar, CORONA nervt und nat\u00fcrlich h\u00e4tten wir sehr gerne wieder unseren Reporter Khalid Alaboud nach Frankfurt geschickt und uns von ihm die B\u00fccher dieses Herbstes vorstellen lassen. Aber CORONA hat auch etwas Gutes: Das Virus f\u00fchrt dazu, dass wir uns auf Eigentliche besinnen. Was ist das Sch\u00f6ne am Lesen? Gem\u00fctlich mit einem Buch auf der... Weiter &raquo;"}

Klar, CORONA nervt und natürlich hätten wir sehr gerne wieder unseren Reporter Khalid Alaboud nach Frankfurt geschickt und uns von ihm die Bücher dieses Herbstes vorstellen lassen. Aber CORONA hat auch etwas Gutes: Das Virus führt dazu, dass wir uns auf Eigentliche besinnen. Was ist das Schöne am Lesen? Gemütlich mit einem Buch auf der... Weiter &raquo;
